30
Let t(k) = k**3 + 4*k**2 + 16*k - 2. Calculate t(9).
1195
Let x(r) = -3*r**2 - 83430*r + 500699. Determine x(6).
11
Let z(h) = 5826*h - 57844. Calculate z(10).
416
Let t(w) = -2*w**3 - 469*w**2 + 3636*w + 1462. Give t(-242).
10
Let z(c) = 2*c**2 + 108*c + 649. What is z(-7)?
-9
Let g(b) = 2*b**2 - 1516*b - 62162. What is g(-39)?
4
Let l(x) = -3*x**2 - 166*x - 2251. What is l(-28)?
45
Let n(b) = -2*b**3 + 501*b**2 - 106*b - 35954. Calculate n(250).
46
Let l(f) = 455468*f + 1366396. Determine l(-3).
-8
Let v(m) = 2*m**3 + 214*m**2 + 2095*m - 875. Determine v(-96).
757
Let o(n) = -857*n**2 - 625608*n + 1441. Give o(-730).
-19
Let p(s) = -s**3 - 32*s**2 + 87*s + 556. Calculate p(-34).
-90
Let t(o) = o**2 - 2482*o - 62596. What is t(-25)?
79
Let j(r) = -2342*r - 482450. Calculate j(-206).
2
Let q(r) = -2127*r**2 + 3230*r + 7. What is q(2)?
-2041
Let z(k) = -4*k**3 + 41*k**2 - 696*k - 20. Determine z(0).
-20
Let z(o) = o**2 + 6195*o - 130526. What is z(21)?
10
Let l(r) = 3*r**3 - 118*r**2 - 74*r - 150. Give l(40).
90
Let v(u) = 896*u**2 + 37649*u + 715. Calculate v(-42).
1
Let b(t) = 38193*t + 229129. What is b(-6)?
-29
Let i(l) = -821*l - 12. Give i(0).
-12
Let b(c) = 2*c**3 - 190*c**2 - 394*c + 109. What is b(97)?
-473
Let q(j) = -36*j**2 + 688*j + 397. Give q(23).
-2823
Let y(t) = -11264*t - 169127. Determine y(-15).
-167
Let k(t) = -t**3 + 22*t**2 + 134*t - 32. Give k(27).
-59
Let x(d) = 1391519*d + 5566078. What is x(-4)?
2
Let g(x) = -2077*x**2 - 31132*x + 355. What is g(-15)?
10
Let z(r) = -r**3 - 130*r**2 - 492*r + 1518. Give z(-126).
6
Let y(k) = -652*k - 108266. Determine y(-166).
-34
Let i(f) = -f**2 - 2064*f - 318319. Give i(-168).
209
Let c(g) = 5*g**2 - 109*g + 408. Give c(16).
-56
Let k(v) = -4*v**3 + 86*v**2 + 472*v + 131. Calculate k(26).
235
Let z(d) = d**2 + 220712*d - 4. Calculate z(0).
-4
Let c(a) = 87*a - 12483. Give c(134).
-825
Let a(t) = t**3 + 107*t**2 + 2212*t - 18. Determine a(-79).
-18
Let v(t) = -84*t + 3158. What is v(52)?
-1210
Let h(j) = -42*j**2 - 1228*j - 1457. What is h(-28)?
-1
Let i(s) = 117*s - 478. Give i(4).
-10
Let u(m) = -m**2 - 166*m - 3889. Calculate u(-28).
-25
Let q(l) = -8*l**3 - 1741*l**2 + 641*l + 912. Give q(-218).
3746
Let i(v) = -40*v + 1264. Determine i(25).
264
Let p(j) = 3654*j - 175391. Give p(48).
1
Let v(b) = -b**3 - 93*b**2 - 93*b + 909. What is v(-92)?
1001
Let g(f) = -15*f**3 - 13*f**2 - 41*f - 18. Determine g(-3).
393
Let c(n) = 76*n**3 - n**2 + 150*n + 309. Calculate c(-2).
-603
Let s(f) = 2*f**3 - 113*f**2 + 984*f + 10. Give s(11).
-177
Let s(h) = 19*h**3 + 78*h**2 + 2460*h + 9829. Calculate s(-4).
21
Let n(d) = 4*d**2 + 2453*d + 333137. Give n(-203).
14
Let h(i) = -2*i**2 + 176*i - 997. What is h(5)?
-167
Let p(y) = -691*y**2 + 172*y - 171. Give p(1).
-690
Let s(q) = -q**3 - 23*q**2 - 22605*q - 660599. Calculate s(-29).
-8
Let a(t) = t**3 - 32*t**2 + 40*t + 867. What is a(30)?
267
Let z(s) = -13091*s + 17947793. Give z(1371).
32
Let y(l) = -26*l**2 + 206*l + 1649. Calculate y(-7).
-1067
Let b(v) = -1151*v + 35100. Determine b(30).
570
Let l(c) = -c**2 - 430*c + 817. Determine l(0).
817
Let v(h) = 74*h**3 + 15*h**2 + 188*h + 307. What is v(-2)?
-601
Let c(t) = -5*t**2 - 594*t - 2718. Give c(-114).
18
Let z(x) = x**2 + 50676*x - 5840964. What is z(115)?
1
Let h(n) = 1278*n - 416777. What is h(326)?
-149
Let z(h) = 2*h**3 + 18*h**2 - 219*h - 1869. Calculate z(-8).
11
Let s(c) = 1177*c - 14073. Calculate s(12).
51
Let k(n) = -n**2 - 131*n - 2549. Give k(-24).
19
Let o(b) = 2*b**3 + 391*b**2 + 958*b - 1373. Give o(-193).
-22
Let r(q) = -q**2 + 85*q + 6250. What is r(-46)?
224
Let g(t) = -7334*t - 5155798. Calculate g(-703).
4
Let u(j) = 4*j**3 + 5*j**2 + 1669*j + 5055. What is u(-3)?
-15
Let y(m) = -1461*m + 30254. Give y(21).
-427
Let g(n) = -2*n**3 - 792*n**2 + 2432*n - 127. Give g(3).
-13
Let i(n) = 15405*n - 123306. What is i(8)?
-66
Let y(a) = -725*a - 15228. Determine y(-21).
-3
Let v(o) = -999*o + 347. Determine v(2).
-1651
Let c(d) = d**3 + 31*d**2 + 39*d - 239. Determine c(-29).
312
Let m(f) = -83*f + 17071. Calculate m(205).
56
Let o(i) = -26589*i - 4. What is o(0)?
-4
Let l(k) = 8*k**3 + 5*k**2 + 391*k + 1569. Determine l(-4).
-427
Let h(z) = 10*z**3 + 3707*z**2 - 1191*z - 28890. What is h(-371)?
48
Let n(l) = 4025*l - 631923. Calculate n(157).
2
Let u(q) = 154*q**2 + 6373*q + 2417. Determine u(-41).
-2
Let y(j) = -16*j**2 + 18*j + 161. Determine y(5).
-149
Let l(w) = 1311*w - 30020. What is l(23)?
133
Let x(d) = -3*d**3 - 26*d**2 - 556*d - 4328. Give x(-8).
-8
Let p(n) = -35*n**2 - 290*n + 2910. Give p(6).
-90
Let q(t) = 870*t + 38296. Calculate q(-44).
16
Let o(y) = 3*y**2 + 282*y - 956. Give o(-97).
-83
Let h(c) = 52*c**2 + 6661*c + 172701. Give h(-92).
17
Let n(l) = -l**3 - 1342*l**2 - 16032*l - 856. What is n(-12)?
8
Let m(u) = 878*u**2 + 284*u + 281. Calculate m(-1).
875
Let q(r) = -r**2 + 28630*r + 659022. Give q(-23).
3
Let t(u) = -u**3 + 8*u**2 - 1391*u + 11039. Calculate t(8).
-89
Let i(c) = -25340431*c + 126702149. Determine i(5).
-6
Let b(f) = 9*f**3 - 117*f**2 + 34*f - 648. Give b(13).
-206
Let i(a) = -32155*a - 1928960. Calculate i(-60).
340
Let k(s) = s**3 - 18*s**2 - 132*s + 86. What is k(24)?
374
Let w(t) = t**3 - 40*t**2 + 400*t - 644. Give w(13).
-7
Let a(k) = -15*k**2 + 1227*k + 40445. Calculate a(107).
-1
Let b(s) = -46*s**2 + 518*s - 1551. Give b(3).
-411
Let j(h) = 39643*h + 118931. Give j(-3).
2
Let k(f) = 32*f**2 + 1825*f + 12. What is k(-57)?
-45
Let k(o) = -978*o + 301. Give k(0).
301
Let l(o) = o**2 - 114*o - 828. Give l(-7).
19
Let o(b) = b**3 - 76*b**2 + 1305*b - 2982. Give o(52).
-18
Let v(w) = 2*w**3 - 20*w**2 - 51*w + 372. Give v(12).
336
Let s(h) = -241*h + 5468. Determine s(27).
-1039
Let w(g) = g**2 - 125*g - 9507. Determine w(-54).
159
Let c(u) = -5*u**2 + 261*u + 3113. Calculate c(-10).
3
Let v(x) = 272317*x - 2723174. What is v(10)?
-4
Let k(z) = 1951*z + 32129. Determine k(-17).
-1038
Let g(w) = -15*w**2 + 1982*w - 2276. Determine g(131).
-49
Let q(s) = -99*s**2 + 9400*s + 576. Give q(95).
101
Let d(v) = 2*v**3 + 14*v**2 - 33*v - 107. Give d(-12).
-1151
Let u(c) = -707118*c - 707113. What is u(-1)?
5
Let n(a) = -3*a**2 + 5150*a - 46106. Give n(9).
1
Let d(g) = -2*g**3 + 296*g**2 + 822*g + 12623. Give d(151).
-61
Let v(f) = -13*f**2 - 245*f - 342. What is v(-17)?
66
Let z(i) = -167*i - 10190. Calculate z(-61).
-3
Let u(i) = 5*i**3 + 44*i**2 + 152*i + 302. What is u(-6)?
-106
Let v(t) = 9*t**3 - 327*t**2 + 89*t + 374. Calculate v(36).
-310
Let r(i) = 179*i**2 + 2532*i - 2546. Determine r(1).
165
Let d(g) = 6*g**3 - 24*g**2 - 1358*g - 8. What is d(0)?
-8
Let h(s) = -5*s**2 + 40*s + 966. Determine h(19).
-79
Let g(l) = -125*l - 2274. Determine g(-10).
-1024
Let y(q) = q**3 + 30*q**2 - 197*q - 442. Give y(-35).
328
Let a(w) = 13116*w - 524603. Give a(40).
37
Let f(h) = h**2 - 109*h + 2692. What is f(78)?
274
Let g(f) = 3563*f**2 + 1296934*f + 732. What is g(-364)?
4
Let z(h) = -4*h**3 + 47*h**2 + 44*h - 466. What is z(12)?
-82
Let s(q) = 2*q**2 + 1984*q + 48347. Give s(-25).
-3
Let r(u) = -u**3 - 10*u**2 - 630*u + 4906. What is r(7)?
-337
Let o(i) = 6797*i + 740879. What is o(-109)?
6
Let a(l) = -12480*l + 37051. Calculate a(3).
-389
Let o(k) = -4*k**2 - 28432*k + 656075. Calculate o(23).
23
Let i(w) = 2*w**3 - 127*w**2 - 50*w + 291. Determine i(64).
1187
Let l(t) = 4*t**3 + 8*t**2 - 36*t - 16. Determine l(-6).
-376
Let y(w) = -905*w - 7027. Determine y(-8).
213
Let h(j) = 415*j + 24480. What is h(-70)?
-4570
Let v(s) = -3208*s - 237394. Calculate v(-74).
-2
Let y(h) = h**3 + 84*h**2 + 427*h + 1808. Determine y(-79).
-720
Let w(q) = 4772*q + 1240716. Determine w(-260).
-4
Let o(m) = -28*m**2 + 20529*m - 3664. Calculate o(733).
1
Let i(z) = 7*z**2 - 301*z + 1635. Determine i(34).
-507
Let b(i) = -i**3 + 36*i**2 + 78*i - 1515. Determine b(37).
2
Let m(z) = -z**3 + 3*z**2 - 39*z - 140. Calculate m(-5).
255
Let o(r) = r**3 + 107*r**2 - 3977*r + 1006. Give o(29).
49
Let d(g) = g**3 - 34*g**2 + 286*g - 82. Calculate d(20).
38
Let x(t) = -t**2 + 102120*t + 612723. Determine x(-6).
-33
Let k(w) = 839*w**2 + 3335*w - 58. What is k(-4)?
26
Let t(n) = 14*n**3 + 3141*n**2 + 1021*n - 22175. Calculate t(-224).
1
Let f(p) = -1788*p + 123305. Calculate